nd 42?
42
Calculate the highest common divisor of 24070 and 332.
166
What is the greatest common divisor of 32 and 288?
32
What is the highest common divisor of 4135 and 5?
5
What is the greatest common divisor of 14 and 42?
14
Calculate the highest common factor of 7 and 18.
1
Calculate the greatest common divisor of 63 and 72.
9
Calculate the highest common factor of 16 and 40.
8
What is the greatest common divisor of 9523 and 445?
89
What is the greatest common divisor of 13 and 34827?
13
What is the highest common divisor of 60877 and 17?
17
Calculate the highest common divisor of 12 and 1908.
12
Calculate the highest common factor of 210 and 240.
30
What is the highest common divisor of 1292 and 136?
68
Calculate the highest common factor of 95 and 40.
5
Calculate the highest common factor of 26 and 2561.
13
Calculate the greatest common factor of 23 and 43999.
23
Calculate the greatest common factor of 700 and 112.
28
What is the greatest common factor of 5083 and 26?
13
Calculate the highest common factor of 105 and 70.
35
What is the highest common divisor of 14234 and 198?
22
What is the highest common factor of 308 and 396?
44
What is the greatest common factor of 63 and 147?
21
Calculate the greatest common divisor of 95 and 3325.
95
Calculate the highest common divisor of 35028 and 63.
63
Calculate the highest common factor of 8 and 142.
2
What is the greatest common factor of 1728 and 36?
36
Calculate the highest common factor of 125 and 2.
1
What is the highest common divisor of 12 and 6668?
4
What is the greatest common factor of 309 and 206?
103
What is the greatest common divisor of 83 and 25481?
83
Calculate the greatest common divisor of 140 and 15512.
28
Calculate the highest common divisor of 143 and 11.
11
Calculate the greatest common factor of 2115 and 1175.
235
Calculate the greatest common factor of 168 and 4074.
42
What is the greatest common factor of 11 and 1243?
11
What is the highest common factor of 1014 and 1794?
78
What is the highest common divisor of 70 and 10?
10
What is the greatest common divisor of 14 and 14?
14
Calculate the highest common divisor of 5913 and 63.
9
Calculate the highest common factor of 2291 and 316.
79
Calculate the greatest common factor of 5 and 31.
1
What is the highest common divisor of 246 and 42?
6
Calculate the greatest common divisor of 153 and 9486.
153
What is the highest common factor of 384 and 6?
6
Calculate the greatest common factor of 24408 and 288.
72
Calculate the greatest common factor of 30 and 90.
30
What is the highest common factor of 394 and 985?
197
Calculate the greatest common divisor of 5568 and 384.
192
What is the highest common factor of 1980 and 220?
220
What is the greatest common divisor of 630 and 175?
35
Calculate the highest common divisor of 2834 and 26.
26
What is the greatest common factor of 3956 and 92?
92
What is the highest common factor of 77 and 245?
7
What is the greatest common divisor of 9478 and 28?
14
What is the greatest common factor of 1755 and 715?
65
Calculate the greatest common factor of 136586 and 62.
62
Calculate the highest common factor of 33 and 2651.
11
Calculate the greatest common factor of 46 and 437.
23
What is the highest common divisor of 2160 and 405?
135
Calculate the greatest common factor of 6 and 90.
6
Calculate the greatest common divisor of 589 and 19.
19
What is the highest common factor of 216 and 288?
72
Calculate the highest common divisor of 870 and 30.
30
What is the greatest common factor of 81 and 2943?
27
What is the greatest common factor of 54 and 114?
6
Calculate the highest common divisor of 420 and 175.
35
Calculate the greatest common divisor of 740 and 20.
20
What is the greatest common divisor of 53 and 901?
53
What is the greatest common factor of 96 and 4?
4
What is the greatest common divisor of 4654 and 537?
179
Calculate the highest common divisor of 90 and 1665.
45
What is the greatest common factor of 323 and 608?
19
Calculate the highest common factor of 121 and 22.
11
Calculate the greatest common factor of 4290 and 2002.
286
What is the greatest common factor of 594 and 54?
54
What is the greatest common divisor of 4 and 70?
2
Calculate the greatest common factor of 20 and 16540.
20
What is the highest common factor of 80 and 290?
10
What is the greatest common factor of 1827 and 9?
9
What is the highest common factor of 11 and 9119?
11
What is the greatest common divisor of 2 and 17?
1
Calculate the greatest common factor of 119 and 357.
119
Calculate the highest common divisor of 34 and 21437.
17
Calculate the greatest common factor of 282 and 60.
6
What is the greatest common divisor of 49 and 77?
7
What is the greatest common factor of 1073 and 111?
37
What is the highest common factor of 60 and 620?
20
Calculate the greatest common divisor of 9779 and 22.
11
Calculate the highest common factor of 183 and 915.
183
What is the highest common divisor of 22 and 55?
11
What is the greatest common divisor of 13 and 13?
13
What is the greatest common divisor of 5 and 655?
5
Calculate the greatest common divisor of 513 and 114.
57
What is the greatest common factor of 44 and 20?
4
Calculate the greatest common divisor of 8 and 32.
8
What is the greatest common divisor of 12 and 978?
6
What is the highest common factor of 1157 and 6319?
89
Calculate the greatest common divisor of 25 and 37325.
25
Calculate the greatest common divisor of 183 and 11712.
183
What is the highest common factor of 459 and 391?
17
What is the greatest common divisor of 1170 and 285?
15
Calculate the greatest common factor of 20 and 488.
4
Calculate the greatest common divisor of 126784 and 224.
224
What is the highest common factor of 51 and 969?
51
Calculate the highest common factor of 8 and 424.
8
Calculate the greatest common divisor of 57 and 474.
3
What is the greatest common factor of 545 and 320?
5
What is the greatest common factor of 245 and 140?
35
Calculate the greatest common divisor of 260 and 110.
10
Calculate the greatest common divisor of 2836 and 4.
4
Calculate the greatest common factor of 192 and 816.
48
What is the highest common divisor of 60 and 4452?
12
What is the highest common divisor of 51917 and 538?
269
What is the highest common divisor of 29 and 232?
29
What is the highest common factor of 24992 and 1408?
352
Calculate the greatest common divisor of 112 and 4984.
56
What is the greatest common divisor of 385 and 133595?
385
What is the greatest common divisor of 57 and 9?
3
What is the highest common divisor of 78 and 494?
26
What is the greatest common divisor of 1098 and 3050?
122
What is the highest common divisor of 8 and 52?
4
What is the greatest common divisor of 30 and 2715?
15
Calculate the greatest common divisor of 2135 and 183.
61
Calculate the highest common factor of 108 and 32.
4
What is the highest common divisor of 35 and 70?
35
Calculate the highest common divisor of 248 and 8.
8
What is the highest common divisor of 102 and 255?
51
What is the greatest common factor of 144 and 176?
16
What is the highest common factor of 80 and 60?
20
Calculate the highest common factor of 143 and 2629.
11
What is the greatest common factor of 14 and 2?
2
What is the highest common divisor of 4745 and 65?
65
What is the greatest common factor of 147 and 42?
21
Calculate the highest common divisor of 55 and 8745.
55
Calculate the greatest common divisor of 57 and 2679.
57
Calculate the highest common divisor of 24 and 13656.
24
What is the highest common divisor of 1024 and 56?
8
What is the highest common divisor of 11666 and 152?
38
Calculate the greatest common factor of 144 and 180.
36
What is the highest common factor of 2736 and 576?
144
Calculate the highest common factor of 684 and 312.
12
Calculate the greatest common divisor of 14472 and 81.
27
What is the highest common factor of 1008 and 63?
63
What is the greatest common factor of 270 and 2106?
54
What is the greatest common divisor of 29 and 1073?
29
Calculate the highest common divisor of 110 and 418.
22
What is the highest common divisor of 5924 and 2?
2
Calculate the highest common divisor of 32 and 2.
2
What is the greatest common factor of 27 and 3?
3
What is the highest common divisor of 4 and 1732?
4
Ca